{"id":792,"date":"2024-03-27T08:28:59","date_gmt":"2024-03-27T08:28:59","guid":{"rendered":"https:\/\/estrategiaviral.com\/?page_id=792"},"modified":"2024-04-28T18:02:54","modified_gmt":"2024-04-28T18:02:54","slug":"posicionamiento-seo","status":"publish","type":"page","link":"https:\/\/estrategiaviral.com\/index.php\/posicionamiento-seo\/","title":{"rendered":"POSICIONAMIENTO SEO"},"content":{"rendered":"\t\t<div data-elementor-type=\"wp-page\" data-elementor-id=\"792\" class=\"elementor elementor-792\" data-elementor-post-type=\"page\">\n\t\t\t\t<div class=\"elementor-element elementor-element-02a685e e-con-full e-flex e-con e-parent\" data-id=\"02a685e\" data-element_type=\"container\" data-settings=\"{&quot;background_background&quot;:&quot;classic&quot;}\" data-core-v316-plus=\"true\">\n\t\t<div class=\"elementor-element elementor-element-578e814 e-con-full e-flex e-con e-child\" data-id=\"578e814\" data-element_type=\"container\">\n\t\t\t\t<div class=\"elementor-element elementor-element-25e5b2e elementor-widget elementor-widget-image\" data-id=\"25e5b2e\" data-element_type=\"widget\" data-widget_type=\"image.default\">\n\t\t\t\t<div class=\"elementor-widget-container\">\n\t\t\t<style>\/*! elementor - v3.20.0 - 20-03-2024 *\/\n.elementor-widget-image{text-align:center}.elementor-widget-image a{display:inline-block}.elementor-widget-image a img[src$=\".svg\"]{width:48px}.elementor-widget-image img{vertical-align:middle;display:inline-block}<\/style>\t\t\t\t\t\t\t\t\t\t<img fetchpriority=\"high\" decoding=\"async\" width=\"501\" height=\"368\" src=\"https:\/\/estrategiaviral.com\/wp-content\/uploads\/2024\/03\/optimizacion-SEO.png\" class=\"attachment-full size-full wp-image-811\" alt=\"\" srcset=\"https:\/\/estrategiaviral.com\/wp-content\/uploads\/2024\/03\/optimizacion-SEO.png 501w, https:\/\/estrategiaviral.com\/wp-content\/uploads\/2024\/03\/optimizacion-SEO-300x220.png 300w\" sizes=\"(max-width: 501px) 100vw, 501px\" \/>\t\t\t\t\t\t\t\t\t\t\t\t\t<\/div>\n\t\t\t\t<\/div>\n\t\t\t\t<\/div>\n\t\t<div class=\"elementor-element elementor-element-388948d e-con-full e-flex e-con e-child\" data-id=\"388948d\" data-element_type=\"container\">\n\t\t\t\t<div class=\"elementor-element elementor-element-fcfa71d elementor-widget elementor-widget-heading\" data-id=\"fcfa71d\" data-element_type=\"widget\" data-widget_type=\"heading.default\">\n\t\t\t\t<div class=\"elementor-widget-container\">\n\t\t\t<style>\/*! elementor - v3.20.0 - 20-03-2024 *\/\n.elementor-heading-title{padding:0;margin:0;line-height:1}.elementor-widget-heading .elementor-heading-title[class*=elementor-size-]>a{color:inherit;font-size:inherit;line-height:inherit}.elementor-widget-heading .elementor-heading-title.elementor-size-small{font-size:15px}.elementor-widget-heading .elementor-heading-title.elementor-size-medium{font-size:19px}.elementor-widget-heading .elementor-heading-title.elementor-size-large{font-size:29px}.elementor-widget-heading .elementor-heading-title.elementor-size-xl{font-size:39px}.elementor-widget-heading .elementor-heading-title.elementor-size-xxl{font-size:59px}<\/style><h2 class=\"elementor-heading-title elementor-size-default\">La importancia de posicionamiento SEO\n<\/h2>\t\t<\/div>\n\t\t\t\t<\/div>\n\t\t\t\t<div class=\"elementor-element elementor-element-d096e79 elementor-widget elementor-widget-text-editor\" data-id=\"d096e79\" data-element_type=\"widget\" data-widget_type=\"text-editor.default\">\n\t\t\t\t<div class=\"elementor-widget-container\">\n\t\t\t<style>\/*! elementor - v3.20.0 - 20-03-2024 *\/\n.elementor-widget-text-editor.elementor-drop-cap-view-stacked .elementor-drop-cap{background-color:#69727d;color:#fff}.elementor-widget-text-editor.elementor-drop-cap-view-framed .elementor-drop-cap{color:#69727d;border:3px solid;background-color:transparent}.elementor-widget-text-editor:not(.elementor-drop-cap-view-default) .elementor-drop-cap{margin-top:8px}.elementor-widget-text-editor:not(.elementor-drop-cap-view-default) .elementor-drop-cap-letter{width:1em;height:1em}.elementor-widget-text-editor .elementor-drop-cap{float:left;text-align:center;line-height:1;font-size:50px}.elementor-widget-text-editor .elementor-drop-cap-letter{display:inline-block}<\/style>\t\t\t\t<p>El objetivo principal de los buscadores como Google es entregar a los usuarios <strong>la mejor experiencia como resultado de sus b\u00fasquedas,<\/strong> es por ello que el posicionamiento SEO es tan relevante para un website.<\/p><p>Posicionamiento SEO (Search Engine Optimization), se refiere a la optimizaci\u00f3n de contenidos y c\u00f3digo interno que permiten rastrear e indexar un website en el buscador (Google, Yahoo, Bing, etc).<\/p>\t\t\t\t\t\t<\/div>\n\t\t\t\t<\/div>\n\t\t\t\t<div class=\"elementor-element elementor-element-c62d81c elementor-widget elementor-widget-image\" data-id=\"c62d81c\" data-element_type=\"widget\" data-widget_type=\"image.default\">\n\t\t\t\t<div class=\"elementor-widget-container\">\n\t\t\t\t\t\t\t\t\t\t\t\t\t<img decoding=\"async\" width=\"593\" height=\"65\" src=\"https:\/\/estrategiaviral.com\/wp-content\/uploads\/2024\/03\/Recurso-54-1-1.png\" class=\"attachment-full size-full wp-image-1676\" alt=\"\" srcset=\"https:\/\/estrategiaviral.com\/wp-content\/uploads\/2024\/03\/Recurso-54-1-1.png 593w, https:\/\/estrategiaviral.com\/wp-content\/uploads\/2024\/03\/Recurso-54-1-1-300x33.png 300w\" sizes=\"(max-width: 593px) 100vw, 593px\" \/>\t\t\t\t\t\t\t\t\t\t\t\t\t<\/div>\n\t\t\t\t<\/div>\n\t\t\t\t<div class=\"elementor-element elementor-element-861b085 elementor-widget elementor-widget-text-editor\" data-id=\"861b085\" data-element_type=\"widget\" data-widget_type=\"text-editor.default\">\n\t\t\t\t<div class=\"elementor-widget-container\">\n\t\t\t\t\t\t\t<p>El SEO permite el posicionamiento org\u00e1nico, (sin inversi\u00f3n de publicidad digital). Una buena optimizaci\u00f3n SEO, <strong>que te permita aparecer en los primeros resultados<\/strong> y un buen contenido que sea capaz de motivar a tus usuarios es la combinaci\u00f3n ganadora para atraer a m\u00e1s clientes a tu website.<\/p>\t\t\t\t\t\t<\/div>\n\t\t\t\t<\/div>\n\t\t\t\t<\/div>\n\t\t\t\t<\/div>\n\t\t<div class=\"elementor-element elementor-element-b2635d7 e-con-full e-flex e-con e-parent\" data-id=\"b2635d7\" data-element_type=\"container\" data-settings=\"{&quot;background_background&quot;:&quot;classic&quot;}\" data-core-v316-plus=\"true\">\n\t\t\t\t<\/div>\n\t\t<div class=\"elementor-element elementor-element-0e0e6ca e-con-full e-flex e-con e-parent\" data-id=\"0e0e6ca\" data-element_type=\"container\" data-settings=\"{&quot;background_background&quot;:&quot;classic&quot;}\" data-core-v316-plus=\"true\">\n\t\t<div class=\"elementor-element elementor-element-c04198b e-con-full e-flex e-con e-child\" data-id=\"c04198b\" data-element_type=\"container\">\n\t\t\t\t<div class=\"elementor-element elementor-element-8011cf0 elementor-widget elementor-widget-text-editor\" data-id=\"8011cf0\" data-element_type=\"widget\" data-widget_type=\"text-editor.default\">\n\t\t\t\t<div class=\"elementor-widget-container\">\n\t\t\t\t\t\t\tEscribimos el contenido optimizando el c\u00f3digo interno para que los buscadores sepan interpretarlo, optimizamos tiempos de carga, y mejoramos la relevancia de tu website. Trabajamos de manera \u00e9tica, respetando las pol\u00edticas de buscadores\t\t\t\t\t\t<\/div>\n\t\t\t\t<\/div>\n\t\t\t\t<\/div>\n\t\t<div class=\"elementor-element elementor-element-cb036ea e-con-full e-flex e-con e-child\" data-id=\"cb036ea\" data-element_type=\"container\">\n\t\t\t\t<div class=\"elementor-element elementor-element-7937c45 elementor-widget elementor-widget-text-editor\" data-id=\"7937c45\" data-element_type=\"widget\" data-widget_type=\"text-editor.default\">\n\t\t\t\t<div class=\"elementor-widget-container\">\n\t\t\t\t\t\t\tAtraer a los usuarios a tu sitio web es s\u00f3lo una parte, la rentabilidad consiste en que ellos encuentren lo que buscan, lo consideren relevante y generen un acci\u00f3n (comprar, llamar, rellenar un form, pedir una cotizaci\u00f3n, etc)\t\t\t\t\t\t<\/div>\n\t\t\t\t<\/div>\n\t\t\t\t<\/div>\n\t\t<div class=\"elementor-element elementor-element-1bc7e2d e-con-full e-flex e-con e-child\" data-id=\"1bc7e2d\" data-element_type=\"container\">\n\t\t\t\t<div class=\"elementor-element elementor-element-0273012 elementor-widget elementor-widget-text-editor\" data-id=\"0273012\" data-element_type=\"widget\" data-widget_type=\"text-editor.default\">\n\t\t\t\t<div class=\"elementor-widget-container\">\n\t\t\t\t\t\t\t&#8220;Los clientes no compran productos, compran la soluci\u00f3n a un problema&#8221;. Nuestros expertos en estrategias digitales utilizan t\u00e9cnicas de neuromarketing para atraer la atenci\u00f3n de tus prospectos e influir en sus decisiones de compra.\t\t\t\t\t\t<\/div>\n\t\t\t\t<\/div>\n\t\t\t\t<\/div>\n\t\t\t\t<\/div>\n\t\t<div class=\"elementor-element elementor-element-8b048e1 e-con-full e-flex e-con e-parent\" data-id=\"8b048e1\" data-element_type=\"container\" data-settings=\"{&quot;background_background&quot;:&quot;classic&quot;}\" data-core-v316-plus=\"true\">\n\t\t\t\t<div class=\"elementor-element elementor-element-507f806 elementor-align-center elementor-widget elementor-widget-button\" data-id=\"507f806\" data-element_type=\"widget\" data-widget_type=\"button.default\">\n\t\t\t\t<div class=\"elementor-widget-container\">\n\t\t\t\t\t<div class=\"elementor-button-wrapper\">\n\t\t\t<a class=\"elementor-button elementor-button-link elementor-size-sm\" href=\"#elementor-action%3Aaction%3Dpopup%3Aopen%26settings%3DeyJpZCI6IjE3MjkiLCJ0b2dnbGUiOmZhbHNlfQ%3D%3D\">\n\t\t\t\t\t\t<span class=\"elementor-button-content-wrapper\">\n\t\t\t\t\t\t<span class=\"elementor-button-text\">Cont\u00e1ctanos<\/span>\n\t\t<\/span>\n\t\t\t\t\t<\/a>\n\t\t<\/div>\n\t\t\t\t<\/div>\n\t\t\t\t<\/div>\n\t\t\t\t<\/div>\n\t\t<div class=\"elementor-element elementor-element-986700d e-con-full e-flex e-con e-parent\" data-id=\"986700d\" data-element_type=\"container\" data-settings=\"{&quot;background_background&quot;:&quot;classic&quot;}\" data-core-v316-plus=\"true\">\n\t\t\t\t<div class=\"elementor-element elementor-element-d5a04e9 elementor-widget elementor-widget-heading\" data-id=\"d5a04e9\" data-element_type=\"widget\" data-widget_type=\"heading.default\">\n\t\t\t\t<div class=\"elementor-widget-container\">\n\t\t\t<h2 class=\"elementor-heading-title elementor-size-default\">Mejorar el posicionamiento SEO de tu website, \u00bfimporta?<\/h2>\t\t<\/div>\n\t\t\t\t<\/div>\n\t\t\t\t<\/div>\n\t\t<div class=\"elementor-element elementor-element-97da444 e-con-full e-flex e-con e-parent\" data-id=\"97da444\" data-element_type=\"container\" data-settings=\"{&quot;background_background&quot;:&quot;classic&quot;}\" data-core-v316-plus=\"true\">\n\t\t<div class=\"elementor-element elementor-element-28856b1 e-con-full e-flex e-con e-child\" data-id=\"28856b1\" data-element_type=\"container\">\n\t\t\t\t<div class=\"elementor-element elementor-element-3ddf6ce elementor-widget elementor-widget-text-editor\" data-id=\"3ddf6ce\" data-element_type=\"widget\" data-widget_type=\"text-editor.default\">\n\t\t\t\t<div class=\"elementor-widget-container\">\n\t\t\t\t\t\t\tBien es sabido que Google es el gran monstruo en buscadores, pero todav\u00eda sorprende la magnitud de su dominio. En Google se generaron 8.5 Billones de consultas diarias en 2021.\t\t\t\t\t\t<\/div>\n\t\t\t\t<\/div>\n\t\t\t\t<\/div>\n\t\t<div class=\"elementor-element elementor-element-664911b e-con-full e-flex e-con e-child\" data-id=\"664911b\" data-element_type=\"container\">\n\t\t\t\t<\/div>\n\t\t\t\t<\/div>\n\t\t<div class=\"elementor-element elementor-element-6a45796 e-flex e-con-boxed e-con e-parent\" data-id=\"6a45796\" data-element_type=\"container\" data-settings=\"{&quot;background_background&quot;:&quot;classic&quot;}\" data-core-v316-plus=\"true\">\n\t\t\t\t\t<div class=\"e-con-inner\">\n\t\t\t\t<div class=\"elementor-element elementor-element-e910509 elementor-position-top elementor-widget elementor-widget-image-box\" data-id=\"e910509\" data-element_type=\"widget\" data-widget_type=\"image-box.default\">\n\t\t\t\t<div class=\"elementor-widget-container\">\n\t\t\t<style>\/*! elementor - v3.20.0 - 20-03-2024 *\/\n.elementor-widget-image-box .elementor-image-box-content{width:100%}@media (min-width:768px){.elementor-widget-image-box.elementor-position-left .elementor-image-box-wrapper,.elementor-widget-image-box.elementor-position-right .elementor-image-box-wrapper{display:flex}.elementor-widget-image-box.elementor-position-right .elementor-image-box-wrapper{text-align:right;flex-direction:row-reverse}.elementor-widget-image-box.elementor-position-left .elementor-image-box-wrapper{text-align:left;flex-direction:row}.elementor-widget-image-box.elementor-position-top .elementor-image-box-img{margin:auto}.elementor-widget-image-box.elementor-vertical-align-top .elementor-image-box-wrapper{align-items:flex-start}.elementor-widget-image-box.elementor-vertical-align-middle .elementor-image-box-wrapper{align-items:center}.elementor-widget-image-box.elementor-vertical-align-bottom .elementor-image-box-wrapper{align-items:flex-end}}@media (max-width:767px){.elementor-widget-image-box .elementor-image-box-img{margin-left:auto!important;margin-right:auto!important;margin-bottom:15px}}.elementor-widget-image-box .elementor-image-box-img{display:inline-block}.elementor-widget-image-box .elementor-image-box-title a{color:inherit}.elementor-widget-image-box .elementor-image-box-wrapper{text-align:center}.elementor-widget-image-box .elementor-image-box-description{margin:0}<\/style><div class=\"elementor-image-box-wrapper\"><figure class=\"elementor-image-box-img\"><img decoding=\"async\" width=\"124\" height=\"101\" src=\"https:\/\/estrategiaviral.com\/wp-content\/uploads\/2024\/03\/Recurso-58-1.png\" class=\"attachment-full size-full wp-image-1669\" alt=\"\" \/><\/figure><div class=\"elementor-image-box-content\"><h3 class=\"elementor-image-box-title\">Si puedo pagar por Adwords<\/h3><p class=\"elementor-image-box-description\"> \u00bfPara qu\u00e9 la optimizaci\u00f3n SEO?<\/p><\/div><\/div>\t\t<\/div>\n\t\t\t\t<\/div>\n\t\t\t\t<div class=\"elementor-element elementor-element-b8aa68f elementor-widget elementor-widget-text-editor\" data-id=\"b8aa68f\" data-element_type=\"widget\" data-widget_type=\"text-editor.default\">\n\t\t\t\t<div class=\"elementor-widget-container\">\n\t\t\t\t\t\t\t<p>Claro que puedes pagar anuncios en Google Adwords para aparecer en los resultados de b\u00fasqueda, pero si no se tiene en cuenta la optimizaci\u00f3n SEO tus anuncios tendr\u00e1n un menor rendimiento, y al final te va a costar mucho m\u00e1s dinero. Correr campa\u00f1as pagas en Google es la pr\u00e1ctica llamada SEM (Search Engine Marketing) consiste en adjudicar un presupuesto que se ajusta por pujas para que tu propiedad digital aparezca en los resultados cuando el usuario hace una consulta en el buscador.<\/p><p>Si tienes un presupuesto adjudicado deber\u00e1s tener en cuenta la rentabilidad que genera en tus ingresos, el llamado ROI (Retrun Of Investment), as\u00ed que reducir al m\u00e1ximo el costo por anuncio y obtener mejores resultados se hace clave y necesario. La optimizaci\u00f3n SEO te permitir\u00e1, pasado un tiempo, mantenerte en los resultados de b\u00fasqueda y llegar a m\u00e1s clientes de manera org\u00e1nica.<\/p>\t\t\t\t\t\t<\/div>\n\t\t\t\t<\/div>\n\t\t\t\t\t<\/div>\n\t\t\t\t<\/div>\n\t\t\t\t<\/div>\n\t\t","protected":false},"excerpt":{"rendered":"<p>La importancia de posicionamiento SEO El objetivo principal de los buscadores como Google es entregar a los usuarios la mejor experiencia como resultado de sus b\u00fasquedas, es por ello que el posicionamiento SEO es tan relevante para un website. Posicionamiento SEO (Search Engine Optimization), se refiere a la optimizaci\u00f3n de contenidos y c\u00f3digo interno que [&hellip;]<\/p>\n","protected":false},"author":1,"featured_media":0,"parent":0,"menu_order":0,"comment_status":"closed","ping_status":"closed","template":"","meta":{"inline_featured_image":false,"footnotes":""},"class_list":["post-792","page","type-page","status-publish","hentry"],"_links":{"self":[{"href":"https:\/\/estrategiaviral.com\/index.php\/wp-json\/wp\/v2\/pages\/792","targetHints":{"allow":["GET"]}}],"collection":[{"href":"https:\/\/estrategiaviral.com\/index.php\/wp-json\/wp\/v2\/pages"}],"about":[{"href":"https:\/\/estrategiaviral.com\/index.php\/wp-json\/wp\/v2\/types\/page"}],"author":[{"embeddable":true,"href":"https:\/\/estrategiaviral.com\/index.php\/wp-json\/wp\/v2\/users\/1"}],"replies":[{"embeddable":true,"href":"https:\/\/estrategiaviral.com\/index.php\/wp-json\/wp\/v2\/comments?post=792"}],"version-history":[{"count":175,"href":"https:\/\/estrategiaviral.com\/index.php\/wp-json\/wp\/v2\/pages\/792\/revisions"}],"predecessor-version":[{"id":2117,"href":"https:\/\/estrategiaviral.com\/index.php\/wp-json\/wp\/v2\/pages\/792\/revisions\/2117"}],"wp:attachment":[{"href":"https:\/\/estrategiaviral.com\/index.php\/wp-json\/wp\/v2\/media?parent=792"}],"curies":[{"name":"wp","href":"https:\/\/api.w.org\/{rel}","templated":true}]}}