{"id":1073,"date":"2024-03-27T14:15:03","date_gmt":"2024-03-27T14:15:03","guid":{"rendered":"https:\/\/estrategiaviral.com\/?page_id=1073"},"modified":"2024-04-28T18:03:10","modified_gmt":"2024-04-28T18:03:10","slug":"marketing-de-contenidos-inbound","status":"publish","type":"page","link":"https:\/\/estrategiaviral.com\/index.php\/marketing-de-contenidos-inbound\/","title":{"rendered":"MARKETING DE CONTENIDOS INBOUND"},"content":{"rendered":"\t\t<div data-elementor-type=\"wp-page\" data-elementor-id=\"1073\" class=\"elementor elementor-1073\" data-elementor-post-type=\"page\">\n\t\t\t\t<div class=\"elementor-element elementor-element-16909a6 e-con-full e-flex e-con e-parent\" data-id=\"16909a6\" data-element_type=\"container\" data-settings=\"{&quot;background_background&quot;:&quot;classic&quot;}\" data-core-v316-plus=\"true\">\n\t\t<div class=\"elementor-element elementor-element-ea0f38e e-con-full e-flex e-con e-child\" data-id=\"ea0f38e\" data-element_type=\"container\">\n\t\t\t\t<div class=\"elementor-element elementor-element-bfd8ea8 elementor-widget elementor-widget-image\" data-id=\"bfd8ea8\" data-element_type=\"widget\" data-widget_type=\"image.default\">\n\t\t\t\t<div class=\"elementor-widget-container\">\n\t\t\t<style>\/*! elementor - v3.20.0 - 20-03-2024 *\/\n.elementor-widget-image{text-align:center}.elementor-widget-image a{display:inline-block}.elementor-widget-image a img[src$=\".svg\"]{width:48px}.elementor-widget-image img{vertical-align:middle;display:inline-block}<\/style>\t\t\t\t\t\t\t\t\t\t<img fetchpriority=\"high\" decoding=\"async\" width=\"409\" height=\"408\" src=\"https:\/\/estrategiaviral.com\/wp-content\/uploads\/2024\/03\/imagen-inicio.png\" class=\"attachment-full size-full wp-image-1078\" alt=\"\" srcset=\"https:\/\/estrategiaviral.com\/wp-content\/uploads\/2024\/03\/imagen-inicio.png 409w, https:\/\/estrategiaviral.com\/wp-content\/uploads\/2024\/03\/imagen-inicio-300x300.png 300w, https:\/\/estrategiaviral.com\/wp-content\/uploads\/2024\/03\/imagen-inicio-150x150.png 150w\" sizes=\"(max-width: 409px) 100vw, 409px\" \/>\t\t\t\t\t\t\t\t\t\t\t\t\t<\/div>\n\t\t\t\t<\/div>\n\t\t\t\t<\/div>\n\t\t<div class=\"elementor-element elementor-element-2a5cdaf e-con-full e-flex e-con e-child\" data-id=\"2a5cdaf\" data-element_type=\"container\">\n\t\t\t\t<div class=\"elementor-element elementor-element-5499998 elementor-widget elementor-widget-heading\" data-id=\"5499998\" data-element_type=\"widget\" data-widget_type=\"heading.default\">\n\t\t\t\t<div class=\"elementor-widget-container\">\n\t\t\t<style>\/*! elementor - v3.20.0 - 20-03-2024 *\/\n.elementor-heading-title{padding:0;margin:0;line-height:1}.elementor-widget-heading .elementor-heading-title[class*=elementor-size-]>a{color:inherit;font-size:inherit;line-height:inherit}.elementor-widget-heading .elementor-heading-title.elementor-size-small{font-size:15px}.elementor-widget-heading .elementor-heading-title.elementor-size-medium{font-size:19px}.elementor-widget-heading .elementor-heading-title.elementor-size-large{font-size:29px}.elementor-widget-heading .elementor-heading-title.elementor-size-xl{font-size:39px}.elementor-widget-heading .elementor-heading-title.elementor-size-xxl{font-size:59px}<\/style><h2 class=\"elementor-heading-title elementor-size-default\">\u00bfPor qu\u00e9 necesitas una estrategia de contenidos SEO?<\/h2>\t\t<\/div>\n\t\t\t\t<\/div>\n\t\t\t\t<div class=\"elementor-element elementor-element-04940cf elementor-widget elementor-widget-text-editor\" data-id=\"04940cf\" data-element_type=\"widget\" data-widget_type=\"text-editor.default\">\n\t\t\t\t<div class=\"elementor-widget-container\">\n\t\t\t<style>\/*! elementor - v3.20.0 - 20-03-2024 *\/\n.elementor-widget-text-editor.elementor-drop-cap-view-stacked .elementor-drop-cap{background-color:#69727d;color:#fff}.elementor-widget-text-editor.elementor-drop-cap-view-framed .elementor-drop-cap{color:#69727d;border:3px solid;background-color:transparent}.elementor-widget-text-editor:not(.elementor-drop-cap-view-default) .elementor-drop-cap{margin-top:8px}.elementor-widget-text-editor:not(.elementor-drop-cap-view-default) .elementor-drop-cap-letter{width:1em;height:1em}.elementor-widget-text-editor .elementor-drop-cap{float:left;text-align:center;line-height:1;font-size:50px}.elementor-widget-text-editor .elementor-drop-cap-letter{display:inline-block}<\/style>\t\t\t\t<p>Una estrategia de contenidos genera 3 veces m\u00e1s leads que estrategias outbound y cuesta al rededor del 62% menos.<\/p><p>El Contenido es una herramienta fundamental del marketing digital que permite generar inter\u00e9s en una marca o producto a trav\u00e9s de la escritura eficaz, con el objetivo de alcanzar y seducir a un p\u00fablico determinado a trav\u00e9s de propuestas de valor y llamados a la acci\u00f3n claros, y lo m\u00e1s importante, que te ayude a posicionar tu marca org\u00e1nicamente en una posici\u00f3n privilegiada en los SERP&#8217;s (Resultados de b\u00fasqueda en Google)<\/p><p>Atraemos a nuestros usuarios al crear textos atractivos, orientados a un p\u00fablico espec\u00edfico, con necesidades claras, que adem\u00e1s, impulsan el tr\u00e1fico a tu sitio web gracias a estrategias SEO implementadas. Nosotros te ayudamos a incorporar la estrategia de Marketing de Contenidos como t\u00e9cnica de Marketing Digital para suscitar empat\u00eda con tu p\u00fablico en general, generar inter\u00e9s, educarse e incluso, contratar servicios. Estos usuarios pueden adem\u00e1s convertirse en grandes aliados a trav\u00e9s de la difusi\u00f3n y recomendaci\u00f3n de tus contenidos y productos o servicios.<\/p>\t\t\t\t\t\t<\/div>\n\t\t\t\t<\/div>\n\t\t\t\t<\/div>\n\t\t\t\t<\/div>\n\t\t<div class=\"elementor-element elementor-element-2f321bb e-con-full e-flex e-con e-parent\" data-id=\"2f321bb\" data-element_type=\"container\" data-settings=\"{&quot;background_background&quot;:&quot;classic&quot;}\" data-core-v316-plus=\"true\">\n\t\t\t\t<\/div>\n\t\t<div class=\"elementor-element elementor-element-464bb3d e-con-full e-flex e-con e-parent\" data-id=\"464bb3d\" data-element_type=\"container\" data-settings=\"{&quot;background_background&quot;:&quot;classic&quot;}\" data-core-v316-plus=\"true\">\n\t\t<div class=\"elementor-element elementor-element-f53b743 e-con-full e-flex e-con e-child\" data-id=\"f53b743\" data-element_type=\"container\">\n\t\t\t\t<div class=\"elementor-element elementor-element-7a073c7 elementor-widget elementor-widget-text-editor\" data-id=\"7a073c7\" data-element_type=\"widget\" data-widget_type=\"text-editor.default\">\n\t\t\t\t<div class=\"elementor-widget-container\">\n\t\t\t\t\t\t\tHablando claro, en un mundo cada vez m\u00e1s digital, tus clientes potenciales &#8220;googlean todo&#8221;. Quieren informarse, educarse, y tomar las mejores decisiones de compra. Te ayudamos a comunicar el valor de tu marca a trav\u00e9s de contenidos relevantes que te ayuden a ganar espacio en las primeras posiciones de Google.\t\t\t\t\t\t<\/div>\n\t\t\t\t<\/div>\n\t\t\t\t<\/div>\n\t\t<div class=\"elementor-element elementor-element-e0b6e65 e-con-full e-flex e-con e-child\" data-id=\"e0b6e65\" data-element_type=\"container\">\n\t\t\t\t<div class=\"elementor-element elementor-element-9a0dbd7 elementor-widget elementor-widget-text-editor\" data-id=\"9a0dbd7\" data-element_type=\"widget\" data-widget_type=\"text-editor.default\">\n\t\t\t\t<div class=\"elementor-widget-container\">\n\t\t\t\t\t\t\tEl marketing en Facebook e Instagram se trata de la creaci\u00f3n de piezas publicitarias que cuentan con un presupuesto para mostrar anuncios a los usuarios. Facebook cuenta con m\u00e1s de 2 Billones de usuarios que utilizan la plataforma al menos una vez al d\u00eda e Instagram la que ha ganado m\u00e1s popularidad en los \u00faltimos a\u00f1os.\n\t\t\t\t\t\t<\/div>\n\t\t\t\t<\/div>\n\t\t\t\t<\/div>\n\t\t<div class=\"elementor-element elementor-element-dd00050 e-con-full e-flex e-con e-child\" data-id=\"dd00050\" data-element_type=\"container\">\n\t\t\t\t<div class=\"elementor-element elementor-element-616fe63 elementor-widget elementor-widget-text-editor\" data-id=\"616fe63\" data-element_type=\"widget\" data-widget_type=\"text-editor.default\">\n\t\t\t\t<div class=\"elementor-widget-container\">\n\t\t\t\t\t\t\tNuestra estrategia de Marketing de contenidos se centra en dos verticales: Que tu marca se posicione en Google, y que genere leads de calidad. Una estrategia de contenidos genera 3 veces m\u00e1s leads que estrategias outbound y cuesta al rededor del 62% menos. *Fuente\t\t\t\t\t\t<\/div>\n\t\t\t\t<\/div>\n\t\t\t\t<\/div>\n\t\t\t\t<\/div>\n\t\t<div class=\"elementor-element elementor-element-755bbca e-con-full e-flex e-con e-parent\" data-id=\"755bbca\" data-element_type=\"container\" data-settings=\"{&quot;background_background&quot;:&quot;classic&quot;}\" data-core-v316-plus=\"true\">\n\t\t\t\t<div class=\"elementor-element elementor-element-8e9373d elementor-align-center elementor-widget elementor-widget-button\" data-id=\"8e9373d\" data-element_type=\"widget\" data-widget_type=\"button.default\">\n\t\t\t\t<div class=\"elementor-widget-container\">\n\t\t\t\t\t<div class=\"elementor-button-wrapper\">\n\t\t\t<a class=\"elementor-button elementor-button-link elementor-size-sm\" href=\"#elementor-action%3Aaction%3Dpopup%3Aopen%26settings%3DeyJpZCI6IjE3MjkiLCJ0b2dnbGUiOmZhbHNlfQ%3D%3D\">\n\t\t\t\t\t\t<span class=\"elementor-button-content-wrapper\">\n\t\t\t\t\t\t<span class=\"elementor-button-text\">Cont\u00e1ctanos<\/span>\n\t\t<\/span>\n\t\t\t\t\t<\/a>\n\t\t<\/div>\n\t\t\t\t<\/div>\n\t\t\t\t<\/div>\n\t\t\t\t<\/div>\n\t\t<div class=\"elementor-element elementor-element-0071433 e-con-full e-flex e-con e-parent\" data-id=\"0071433\" data-element_type=\"container\" data-settings=\"{&quot;background_background&quot;:&quot;classic&quot;}\" data-core-v316-plus=\"true\">\n\t\t\t\t<div class=\"elementor-element elementor-element-d4614d8 elementor-widget elementor-widget-heading\" data-id=\"d4614d8\" data-element_type=\"widget\" data-widget_type=\"heading.default\">\n\t\t\t\t<div class=\"elementor-widget-container\">\n\t\t\t<h2 class=\"elementor-heading-title elementor-size-default\">Copywriting, la delgada l\u00ednea entre visitas y leads<\/h2>\t\t<\/div>\n\t\t\t\t<\/div>\n\t\t\t\t<\/div>\n\t\t<div class=\"elementor-element elementor-element-7c144c9 e-con-full e-flex e-con e-parent\" data-id=\"7c144c9\" data-element_type=\"container\" data-settings=\"{&quot;background_background&quot;:&quot;classic&quot;}\" data-core-v316-plus=\"true\">\n\t\t<div class=\"elementor-element elementor-element-af46c83 e-con-full e-flex e-con e-child\" data-id=\"af46c83\" data-element_type=\"container\">\n\t\t\t\t<div class=\"elementor-element elementor-element-a65ea0e elementor-widget elementor-widget-text-editor\" data-id=\"a65ea0e\" data-element_type=\"widget\" data-widget_type=\"text-editor.default\">\n\t\t\t\t<div class=\"elementor-widget-container\">\n\t\t\t\t\t\t\t<p>El contenido es el rey en la era del Marketing 2.0, y todos aquellos contenidos que se comparten o viralizan en internet pueden representar ventajas y generar un impacto en tus ingresos. Para considerar, 44% de usuarios indica que consume de 3 a 5 piezas de contenido antes de interactuar con una marca. *fuente<\/p><p>Para incrementar las posibilidades de venta en el entorno digital, el producto o servicio debe ser presentado desde una perspectiva amigable, que muestre las caracter\u00edsticas reales, destaque sus bondades, resalte beneficios y permita identificar con facilidad las soluciones que este ofrece.<\/p>\t\t\t\t\t\t<\/div>\n\t\t\t\t<\/div>\n\t\t\t\t<\/div>\n\t\t<div class=\"elementor-element elementor-element-56a5eeb e-con-full e-flex e-con e-child\" data-id=\"56a5eeb\" data-element_type=\"container\">\n\t\t\t\t<\/div>\n\t\t\t\t<\/div>\n\t\t<div class=\"elementor-element elementor-element-f5d4e4a e-flex e-con-boxed e-con e-parent\" data-id=\"f5d4e4a\" data-element_type=\"container\" data-settings=\"{&quot;background_background&quot;:&quot;classic&quot;}\" data-core-v316-plus=\"true\">\n\t\t\t\t\t<div class=\"e-con-inner\">\n\t\t\t\t<div class=\"elementor-element elementor-element-c70f5a2 elementor-position-top elementor-widget elementor-widget-image-box\" data-id=\"c70f5a2\" data-element_type=\"widget\" data-widget_type=\"image-box.default\">\n\t\t\t\t<div class=\"elementor-widget-container\">\n\t\t\t<style>\/*! elementor - v3.20.0 - 20-03-2024 *\/\n.elementor-widget-image-box .elementor-image-box-content{width:100%}@media (min-width:768px){.elementor-widget-image-box.elementor-position-left .elementor-image-box-wrapper,.elementor-widget-image-box.elementor-position-right .elementor-image-box-wrapper{display:flex}.elementor-widget-image-box.elementor-position-right .elementor-image-box-wrapper{text-align:right;flex-direction:row-reverse}.elementor-widget-image-box.elementor-position-left .elementor-image-box-wrapper{text-align:left;flex-direction:row}.elementor-widget-image-box.elementor-position-top .elementor-image-box-img{margin:auto}.elementor-widget-image-box.elementor-vertical-align-top .elementor-image-box-wrapper{align-items:flex-start}.elementor-widget-image-box.elementor-vertical-align-middle .elementor-image-box-wrapper{align-items:center}.elementor-widget-image-box.elementor-vertical-align-bottom .elementor-image-box-wrapper{align-items:flex-end}}@media (max-width:767px){.elementor-widget-image-box .elementor-image-box-img{margin-left:auto!important;margin-right:auto!important;margin-bottom:15px}}.elementor-widget-image-box .elementor-image-box-img{display:inline-block}.elementor-widget-image-box .elementor-image-box-title a{color:inherit}.elementor-widget-image-box .elementor-image-box-wrapper{text-align:center}.elementor-widget-image-box .elementor-image-box-description{margin:0}<\/style><div class=\"elementor-image-box-wrapper\"><figure class=\"elementor-image-box-img\"><img decoding=\"async\" width=\"116\" height=\"121\" src=\"https:\/\/estrategiaviral.com\/wp-content\/uploads\/2024\/03\/imagen-2.png\" class=\"attachment-full size-full wp-image-1109\" alt=\"\" \/><\/figure><div class=\"elementor-image-box-content\"><h3 class=\"elementor-image-box-title\">Marketing de Contenidos: sinergia que vende<\/h3><\/div><\/div>\t\t<\/div>\n\t\t\t\t<\/div>\n\t\t\t\t<div class=\"elementor-element elementor-element-e0dbbda elementor-widget elementor-widget-text-editor\" data-id=\"e0dbbda\" data-element_type=\"widget\" data-widget_type=\"text-editor.default\">\n\t\t\t\t<div class=\"elementor-widget-container\">\n\t\t\t\t\t\t\t<p>Definir la identidad de tu marca y conocer a tus clientes facilita la identificaci\u00f3n y orientaci\u00f3n de la informaci\u00f3n relevante para ellos. De esta manera, te permite definir qu\u00e9 buscan, y cu\u00e1les contenidos puedes ofrecerles para consolidarte como su favorito y destacarte entre la competencia<\/p><p>La manera en que informas y ense\u00f1as a tus clientes sobre los productos y servicios que ofreces puede hacer que impacte en tu popularidad e incluso en tus ventas. Por ello, te facilitamos el proceso de an\u00e1lisis y creaci\u00f3n de contenidos fiables, relevantes y atractivos que logran conectar a tu marca con quienes requieren de tus soluciones d\u00eda a d\u00eda. Nuestro servicio de copywriting potenciar\u00e1 no solo una buena presencia en la red sino m\u00e1s visitas y mejores leads.<\/p>\t\t\t\t\t\t<\/div>\n\t\t\t\t<\/div>\n\t\t\t\t\t<\/div>\n\t\t\t\t<\/div>\n\t\t\t\t<\/div>\n\t\t","protected":false},"excerpt":{"rendered":"<p>\u00bfPor qu\u00e9 necesitas una estrategia de contenidos SEO? Una estrategia de contenidos genera 3 veces m\u00e1s leads que estrategias outbound y cuesta al rededor del 62% menos. El Contenido es una herramienta fundamental del marketing digital que permite generar inter\u00e9s en una marca o producto a trav\u00e9s de la escritura eficaz, con el objetivo de [&hellip;]<\/p>\n","protected":false},"author":1,"featured_media":0,"parent":0,"menu_order":0,"comment_status":"closed","ping_status":"closed","template":"","meta":{"inline_featured_image":false,"footnotes":""},"class_list":["post-1073","page","type-page","status-publish","hentry"],"_links":{"self":[{"href":"https:\/\/estrategiaviral.com\/index.php\/wp-json\/wp\/v2\/pages\/1073","targetHints":{"allow":["GET"]}}],"collection":[{"href":"https:\/\/estrategiaviral.com\/index.php\/wp-json\/wp\/v2\/pages"}],"about":[{"href":"https:\/\/estrategiaviral.com\/index.php\/wp-json\/wp\/v2\/types\/page"}],"author":[{"embeddable":true,"href":"https:\/\/estrategiaviral.com\/index.php\/wp-json\/wp\/v2\/users\/1"}],"replies":[{"embeddable":true,"href":"https:\/\/estrategiaviral.com\/index.php\/wp-json\/wp\/v2\/comments?post=1073"}],"version-history":[{"count":76,"href":"https:\/\/estrategiaviral.com\/index.php\/wp-json\/wp\/v2\/pages\/1073\/revisions"}],"predecessor-version":[{"id":2120,"href":"https:\/\/estrategiaviral.com\/index.php\/wp-json\/wp\/v2\/pages\/1073\/revisions\/2120"}],"wp:attachment":[{"href":"https:\/\/estrategiaviral.com\/index.php\/wp-json\/wp\/v2\/media?parent=1073"}],"curies":[{"name":"wp","href":"https:\/\/api.w.org\/{rel}","templated":true}]}}